ctor of 426?
False
Is 69 a multiple of 23?
True
Is 31 a factor of 19576?
False
Is 139 a multiple of 27?
False
Is 126882 a multiple of 18?
True
Does 20 divide 1300?
True
Is 333 a multiple of 9?
True
Does 4 divide 12524?
True
Does 16 divide 560?
True
Does 57 divide 1285?
False
Is 11 a factor of 484?
True
Is 7 a factor of 5216?
False
Does 50 divide 15773?
False
Does 7 divide 25946?
False
Is 54000 a multiple of 24?
True
Does 44 divide 8404?
True
Is 124503 a multiple of 141?
True
Is 13800 a multiple of 17?
False
Is 929 a multiple of 57?
False
Is 7 a factor of 14438?
False
Does 98 divide 3785?
False
Is 2 a factor of 237?
False
Is 109 a factor of 1820?
False
Is 4988 a multiple of 29?
True
Does 107 divide 3331?
False
Does 104 divide 46696?
True
Does 62 divide 311?
False
Is 18527 a multiple of 191?
True
Is 13 a factor of 3848?
True
Is 38 a factor of 3876?
True
Is 105252 a multiple of 84?
True
Does 8 divide 16536?
True
Is 18094 a multiple of 13?
False
Is 11704 a multiple of 28?
True
Is 72 a factor of 1584?
True
Is 15 a factor of 7774?
False
Does 11 divide 99?
True
Is 12792 a multiple of 39?
True
Does 274 divide 31510?
True
Is 78036 a multiple of 21?
True
Is 13035 a multiple of 33?
True
Does 15 divide 3614?
False
Does 5 divide 562?
False
Is 15540 a multiple of 28?
True
Does 3 divide 208?
False
Is 86246 a multiple of 44?
False
Is 190 a multiple of 95?
True
Is 713 a multiple of 4?
False
Is 193 a multiple of 10?
False
Is 19526 a multiple of 13?
True
Is 32 a factor of 3582?
False
Is 28 a factor of 980?
True
Does 37 divide 469?
False
Is 111630 a multiple of 196?
False
Does 38 divide 73255?
False
Does 27 divide 1165?
False
Is 239 a multiple of 36?
False
Is 43 a factor of 7482?
True
Is 12084 a multiple of 38?
True
Is 131 even?
False
Is 9125 a multiple of 59?
False
Is 69 a factor of 3036?
True
Is 4836 a multiple of 62?
True
Is 7 a factor of 1826?
False
Is 840 a multiple of 30?
True
Is 85 a factor of 30770?
True
Is 22 a factor of 71?
False
Is 4311 a multiple of 21?
False
Is 5280 a multiple of 44?
True
Does 168 divide 116928?
True
Does 15 divide 150930?
True
Is 16 a factor of 3447?
False
Is 5 a factor of 262?
False
Does 28 divide 46012?
False
Does 6 divide 6293?
False
Does 20 divide 1400?
True
Is 24919 a multiple of 36?
False
Does 4 divide 100?
True
Is 1274 a multiple of 14?
True
Is 949 a multiple of 82?
False
Is 58001 a multiple of 217?
False
Does 214 divide 3494?
False
Does 8 divide 3140?
False
Is 34 a factor of 6086?
True
Is 93 a factor of 23423?
False
Is 19895 a multiple of 38?
False
Does 6 divide 7087?
False
Does 2 divide 617?
False
Is 13625 a multiple of 443?
False
Does 39 divide 780?
True
Is 22 a factor of 13784?
False
Does 52 divide 9568?
True
Does 52 divide 572?
True
Is 1077 a multiple of 4?
False
Does 21 divide 17256?
False
Is 1810 a multiple of 10?
True
Is 70 a factor of 2240?
True
Is 130 a factor of 910?
True
Is 69 a factor of 49887?
True
Does 14 divide 574?
True
Is 10262 a multiple of 134?
False
Is 9879 a multiple of 19?
False
Is 7132 a multiple of 12?
False
Does 21 divide 1293?
False
Is 30 a factor of 5874?
False
Is 36 a factor of 2767?
False
Is 22 a factor of 11820?
False
Does 58 divide 787?
False
Does 44 divide 1056?
True
Is 14960 a multiple of 68?
True
Is 2 a factor of 104?
True
Does 5 divide 27150?
True
Does 167 divide 16585?
False
Is 1421 a multiple of 46?
False
Does 18 divide 4865?
False
Is 3384 a multiple of 94?
True
Does 14 divide 2030?
True
Is 12 a factor of 1832?
False
Is 25 a factor of 400?
True
Is 5352 a multiple of 10?
False
Does 9 divide 189?
True
Is 17 a factor of 8041?
True
Is 177 a factor of 50445?
True
Is 658 a multiple of 14?
True
Is 48 a factor of 1910?
False
Is 5187 a multiple of 7?
True
Is 81 a factor of 5846?
False
Is 148 a factor of 7535?
False
Does 31 divide 102895?
False
Is 155 a factor of 17980?
True
Is 5192 a multiple of 11?
True
Is 239 a factor of 87713?
True
Does 174 divide 6632?
False
Is 51 a factor of 458?
False
Does 3 divide 6833?
False
Does 4 divide 23024?
True
Is 19302 a multiple of 14?
False
Does 4 divide 812?
True
Is 4969 a multiple of 13?
False
Is 44180 a multiple of 13?
False
Is 37628 a multiple of 74?
False
Does 29 divide 37149?
True
Is 295 a multiple of 30?
False
Is 6023 a multiple of 5?
False
Is 76357 a multiple of 46?
False
Does 52 divide 64?
False
Does 8 divide 185?
False
Is 1248 a multiple of 2?
True
Does 25 divide 1897?
False
Does 79 divide 1063?
False
Is 15 a multiple of 5?
True
Is 18 a factor of 1745?
False
Is 8538 a multiple of 26?
False
Does 11 divide 43703?
True
Is 4891 a multiple of 11?
False
Is 35 a factor of 65925?
False
Does 26 divide 1222?
True
Is 35 a factor of 630?
True
Is 2006 a multiple of 17?
True
Does 206 divide 41200?
True
Is 61083 a multiple of 9?
True
Does 65 divide 946?
False
Is 26 a factor of 1601?
False
Is 4725 a multiple of 45?
True
Is 27 a factor of 11178?
True
Is 6 a factor of 4811?
False
Is 36 a factor of 1116?
True
Is 55 a factor of 1635?
False
Is 14 a factor of 58814?
True
Is 57036 a multiple of 97?
True
Is 21 a factor of 1134?
True
Is 4068 a multiple of 2?
True
Is 6448 a multiple of 26?
True
Is 53 a factor of 636?
True
Does 59 divide 22302?
True
Is 5 a factor of 80?
True
Does 4 divide 10?
False
Is 9 a factor of 63?
True
Is 13 a factor of 659?
False
Is 23490 a multiple of 20?
False
Is 16 a factor of 27168?
True
Is 3452 a multiple of 9?
False
Does 36 divide 419?
False
Is 19100 a multiple of 18?
False
Does 19 divide 31958?
True
Is 9010 a multiple of 17?
True
Is 32 a factor of 288?
True
Is 5 a factor of 4615?
True
Is 11 a factor of 1661?
True
Does 15 divide 2654?
False
Does 14 divide 42?
True
Is 4 a factor of 197?
False
Is 87 a factor of 71427?
True
Is 1305 a multiple of 87?
True
Does 44 divide 145596?
True
Is 59 a factor of 472?
True
Does 15 divide 13635?
True
Does 22 divide 168?
False
Is 372 even?
True
Is 21 a factor of 3717?
True
Is 255 a multiple of 15?
True
Is 19365 a multiple of 67?
False
Is 136 a factor of 18088?
True
Is 5 a factor of 310?
True
Is 32 a factor of 1472?
True
Is 810 a multiple of 10?
True
Is 33 a factor of 18447?
True
Is 22253 a multiple of 5?
False
Does 40 divide 18760?
True
Does 13 divide 477?
False
Is 1411 a multiple of 83?
True
Is 8 a factor of 371?
False
Is 20 a factor of 22058?
False
Is 1595 a multiple of 5?
True
Does 31 divide 1660?
False
Is 29 a factor of 13016?
False
Does 119 divide 2645?
False
Does 23 divide 40227?
True
Is 61 a factor of 3172?
True
Is 18 a factor of 65?
False
Is 226 a multiple of 56?
False
Is 804 a multiple of 67?
True
Is 276 a multiple of 12?
True
Is 60 a factor of 6672?
False
Does 2 divide 79?
False
Is 6253 a multiple of 13?
True
Does 34 divide 68000?
True
Is 13 a factor of 813?
False
Does 100 divide 24991?
False
Is 2304 a multiple of 32?
True
Does 351 divide 28386?
False
Is 30 a factor of 2845?
False
Is 490 a multiple of 7?
True
Is 615 a multiple of 5?
True
Does 18 divide 12514?
False
Does 65 divide 45976?
False
Is 23 a factor of 1233?
False
Is 2261 a multiple of 7?
True
Is 15 a factor of 40594?
False
Is 27 a factor of 577?
False
Is 6777 a multiple of 25?
False
Is 53 a factor of 2126?
False
Is 59 a factor of 3707?
False
Does 152 divide 101168?
False
Is 1710 a multiple of 4?
False
Does 16 divide 28104?
False
Is 7420 a multiple of 77?
False
Is 7 a factor of 10727?
False
Is 7 a factor of 287?
True
Is 9718 a multiple of 24?
False
Is 217 a multiple of 4?
False
Does 13 divide 824?
False
Does 11 divide 33?
True
Is 456 a multiple of 16?
False
Is 59 a factor of 672?
False
Does 15 divide 4320?
True
Is 9 a factor of 669?
False
Is 26 a factor of 6250?
False
Is 10 even?
True
Does 32 divide 4768?
True
Does 39 divide 13143?
True
Is 11 a factor of 603?
False
Is 1968 a multiple of 4?
True
Does 4 divide 144?
True
Is 19240 a multiple of 74?
True
Is 5 a factor of 481?
False
Does 15 divide 2250?
True
Is 72 a factor of 7511?
False
Does 26 divide 260?
True
Is 38 a factor of 76?
True
Is 12307 a multiple of 23?
False
Does 3 divide 2531?
False
Is 3979 a multiple of 11?
False
Is 57 a factor of 1083?
True
Does 48 divide 1708?
False
Is 59975 a multiple of 41?
False
Is 1779 a multiple of 58?
False
Does 13 divide 4144?
False
Is 128 a factor of 74581?
False
Is 4860 a multiple of 54?
True
Is 5 a factor of 1203?
False
Does 13 divide 4251?
True
Is 3520 a multi